e factors of q?
2, 3
Suppose -3*z = -7*z + 44. Let i = z + 4. What are the prime factors of i?
3, 5
Let o = -20 + 24. Suppose -o*h = -2*h - 60. List the prime factors of h.
2, 3, 5
Let k(n) = -n + 1. Let y be k(4). Let p = y - -7. Suppose -2*h + 44 = p*r, 2*r - 3*r = -h + 7. What are the prime factors of h?
2, 3
Let d(j) = -7*j**3 - 1. Let g be d(-1). Let u = 6 + 2. List the prime factors of (-6 - -12)*u/g.
2
Let g(f) = -f**3 + 2*f**2 - f + 4. What are the prime factors of g(-3)?
2, 13
Let h = -4 + 9. Suppose 3*r - 3*i = 138, 2*r + 0*i - 94 = 4*i. Suppose -5*y + 10*y = 5*g - r, -h*y = 2*g + 17. List the prime factors of g.
2
Suppose 9 = 5*g - 11. Suppose 0 = -3*d - d + 2*c + 12, -12 = -g*d - 4*c. Let m = d + 1. What are the prime factors of m?
2
Let a(o) be the second derivative of -o**3/6 - o**2 - o. Let v(t) = t**2 + 8*t + 1. Let p be v(-7). List the prime factors of a(p).
2
Suppose -j - 2*f + 8 = 2, f - 45 = -4*j. Suppose q = -q - 4*a + j, -a + 6 = q. Suppose -4*h - q = -3*r - h, 2*r - h = 5. What are the prime factors of r?
3
Let b(v) = v**2 - 3*v + 25. List the prime factors of b(0).
5
Let u = 68 - 28. List the prime factors of u.
2, 5
Suppose 5*m - 2*l + 12 = 0, -5*l + 7 + 2 = -2*m. Let g = 7 + m. Suppose u = -g + 16. What are the prime factors of u?
11
Let z(r) = -2*r**2 - 3*r. Let a(i) = i**2 + i. Let f = 3 + -2. Let q(m) = f*z(m) + 3*a(m). What are the prime factors of q(2)?
2
Let u be 5/((-15)/(-24)) + 0. Let l = u - 1. What are the prime factors of l?
7
Let f = -6 - -15. Let u(v) = -v**2 + 9*v - 11. Let l be u(f). Let w = l - -22. List the prime factors of w.
11
Let d(j) be the second derivative of -2*j**2 + 0 + 1/6*j**3 + 2*j. List the prime factors of d(9).
5
Let b(l) = -l**3 - 8*l**2 + 8*l - 9. Let r be b(-9). Let z be (-2)/5 + (-14)/(-10). Suppose r = t + z - 3. What are the prime factors of t?
2
Suppose 0 = -2*c + c + 4*b - 3, 4*c + 3*b = -88. Let q = -4 - c. List the prime factors of q.
3, 5
What are the prime factors of 10/2 - (-18)/6?
2
Let w(j) = -4*j. Let u be w(-1). Suppose 4*c + 0 = -u. List the prime factors of ((-18)/c)/((-9)/(-6)).
2, 3
What are the prime factors of 1*22/(-2)*-1?
11
Suppose -22 = g - 3*g. Let a(m) = m**3 + 3*m**2 - 3. Let h be a(-3). Let o = g + h. What are the prime factors of o?
2
Let q be (-4)/(-2) + -2*1. Let n(j) = q + j + 1 + 5. What are the prime factors of n(-3)?
3
Let n be 1 - 1 - 4/(-2). Let i(w) = -8 - n*w + 3 - 1. List the prime factors of i(-8).
2, 5
Suppose -99 - 21 = -5*n. List the prime factors of n.
2, 3
Let s(z) = -z**3 + 4*z**2 - 3*z + 1. Let x be 10/(-4)*12/(-15). Let d be s(x). Suppose -2*n = -d*n - 3*o + 13, 5*n = -4*o + 32. List the prime factors of n.
2
What are the prime factors of 260/8*16/20?
2, 13
Let c be (9 + 3)*(-1)/(-2). Suppose -c*u + 365 = 71. What are the prime factors of u?
7
Let b(l) = -5*l - 1. Let o be b(1). Let h(a) = a**3 + 6*a**2 - 3*a - 9. List the prime factors of h(o).
3
Let g(y) = 3*y. Let c be g(-2). Suppose 0 = 3*f - 6. What are the prime factors of (c/(-7))/(f/14)?
2, 3
Let x(w) be the third derivative of -w**6/120 - w**5/10 - w**4/6 + w**3/3 + 4*w**2. Let t be x(-6). List the prime factors of ((-1)/2)/((-1)/t).
13
Suppose 2*u = u + 15. Suppose -5*d = 3*c - u, 31 + 22 = 5*c - d. What are the prime factors of c?
2, 5
What are the prime factors of (1 - 4 - -6) + 42?
3, 5
Suppose 0 = -2*v - 0*v - 36. Let q = 0 - v. What are the prime factors of q?
2, 3
Let c be 1/(-2*1/12). Let m be 960/(-72)*(-12)/10. List the prime factors of (-18)/4*m/c.
2, 3
Let p(r) be the second derivative of -r**3/2 - 4*r. List the prime factors of p(-6).
2, 3
Let k(i) = -6*i - 2. Suppose 10 = -3*d + 4*d. Let s be ((-4)/d)/((-4)/(-20)). List the prime factors of k(s).
2, 5
Let x = 59 + -36. What are the prime factors of x?
23
Suppose 0 = -4*b - 5 + 41. Let l be (-1)/1 + -1*2. What are the prime factors of 2/l + 24/b?
2
Let p be (1 + (-30)/9)*-3. Suppose 2*k + 25 = p*k. Suppose -u = -3 - k. List the prime factors of u.
2
Let u be 136/32 - (-1)/(-4). Suppose -f - 2*f + 54 = 0. Suppose 0 = u*a + 12, 2*a - f = -4*k. What are the prime factors of k?
2, 3
Let k = 75 - 43. List the prime factors of k.
2
Let j(b) = b**3 - 3*b**2 + b - 8. What are the prime factors of j(5)?
47
Let x be 42 + 7/((-14)/4). Let w(u) = -u**2 - 7*u - 6. Let q be w(-5). Suppose -q*s + x = s. What are the prime factors of s?
2
Suppose 3*a - 5*z + z = 8, 0 = -4*a + 3*z + 13. Let t(o) = -a - 3 - o + 2 + 1. What are the prime factors of t(-7)?
3
Let r be (-222)/(-18) + (-2)/(-3). Let m = r - 6. Suppose 0 = 3*l - 28 + m. List the prime factors of l.
7
Let x(p) = 8*p**3 - 3*p**2 + 2*p - 3. List the prime factors of x(2).
53
Let t(d) = d**2 + d - 12. Let p be t(-5). Suppose -6 - 18 = -4*g. Let w = p - g. List the prime factors of w.
2
Let t be (-1)/(-1)*-1*-3. Suppose -3*v + 19 - 7 = 3*m, t*v + m = 14. Suppose l + 0*l = -j, l - v*j - 24 = 0. List the prime factors of l.
2
Let z(f) = -f**3 - 2*f**2 + 4*f - 1. Suppose -5*m - 11 = 9. What are the prime factors of z(m)?
3, 5
Let l(s) = -2*s + 18. Let q be l(16). What are the prime factors of 35/q*52/(-5)?
2, 13
Let t(q) = -q + 5. Let f be t(0). Let h be (-18)/f + 10/(-25). List the prime factors of 228/20 + h/10.
11
Let b(l) = 7*l + 208. What are the prime factors of b(0)?
2, 13
Suppose 138 = 2*a - 0*a. What are the prime factors of a?
3, 23
Let l(s) = 47*s - 66. List the prime factors of l(7).
263
Let b = 38 - 18. What are the prime factors of b?
2, 5
List the prime factors of (32 - (1 - 3))*1.
2, 17
Let j = 2 - 0. Suppose 0 = -4*a - j*r + 92, -3*a + 3*r + 10 = -41. Suppose 0 = -3*c + 2*y + a, 4*c + 5*y = 9*c - 35. List the prime factors of c.
7
Let k(g) = g**3 - 7*g**2 + 7*g - 3. Let v be k(6). Suppose 4*b - v*y = 2, -b + 4 = -3*b + 4*y. What are the prime factors of b?
2
Suppose -10 = -3*y + y. Suppose 8 = i - y. What are the prime factors of i?
13
Let x(g) = -g + 10. Let l be x(7). Suppose 0 = -6*t + 2*t + 20. Suppose -f = 4*j - 8, -j - l*j - 40 = -t*f. List the prime factors of f.
2
Let c(t) = -t**3 - 6*t**2 + t - 3. Let m be c(-7). Let r = m + -19. List the prime factors of r.
2, 5
Let i(d) = 29*d + 7. Let o(r) = 14*r + 4. Let l(a) = 4*i(a) - 7*o(a). Let z be l(1). Let u = -12 + z. What are the prime factors of u?
2, 3
Suppose -6*y + 226 + 50 = 0. List the prime factors of y.
2, 23
List the prime factors of (2 - (-35)/(-25))*95.
3, 19
Let l(k) = -3*k + 4. Let b be l(4). Suppose -5*m - 21 = 2*c + 13, 0 = 2*c + 4*m + 32. Let a = b - c. What are the prime factors of a?
2
Suppose -5*b + 5*c + 600 = -0*c, -3*b + 365 = 2*c. What are the prime factors of b?
11
What are the prime factors of (-63)/(-3)*2/6*3?
3, 7
Let r = -14 + 8. Let g = 11 + r. What are the prime factors of g?
5
Let w = -109 - -234. What are the prime factors of w?
5
Let q = -15 - -105. What are the prime factors of q?
2, 3, 5
Suppose i + 5 = 11. Let h(n) = n + 6. Let g be h(i). Suppose 4*w = -r + 32, 0 = -3*r + 4*w + 28 - g. What are the prime factors of r?
2, 3
Let s(i) = -4*i + 2. Let b be s(3). Let m = 17 + b. Suppose m*n - 2*n = 50. List the prime factors of n.
2, 5
Let u(r) = -r**3 + 11*r**2 + 14*r - 6. Suppose -2*o - 16 = -40. List the prime factors of u(o).
2, 3
Let i(g) = 2*g**3 - g**2 + g - 2. Let h(b) = 0*b**2 + 2*b**2 + 5*b**2 - 5*b - 4 - b**3. Let o be h(6). What are the prime factors of i(o)?
2, 3
Let r be 92 + (5 + 4)/3. Suppose r = 2*w + 3*s, w + s + s = 48. List the prime factors of w.
2, 23
Let b be (2 - 0)/(4/18). Let m = 16 - b. What are the prime factors of m?
7
Let b = -52 + 79. List the prime factors of b.
3
Suppose 0 = -p - 2 + 6, 0 = -2*y - 2*p + 74. List the prime factors of y.
3, 11
Let c(b) = 2*b**2 + 3*b + 20. List the prime factors of c(9).
11, 19
Suppose -25 - 23 = -2*q. Let b be 4/2 + q/4. List the prime factors of (-4 + 1)/(b/(-24)).
3
Let i = -81 - -120. What are the prime factors of i?
3, 13
Let u = -8 + 11. Suppose 6*g = u*g - 18. Let b = 6 - g. What are the prime factors of b?
2, 3
What are the prime factors of (10/3)/(((-77)/21)/(-11))?
2, 5
Let j be (-6)/2 + 3 + 30. Let v = 54 - j. List the prime factors of v.
2, 3
Let g(u) = u**2 - u + 70. What are the prime factors of g(0)?
2, 5, 7
Let l be (-6)/(1 - 15/6). Suppose l*h + h = -n + 10, -4*h = -4*n + 16. Suppose -g - 